{"id":45,"date":"2022-09-04T17:00:38","date_gmt":"2022-09-04T15:00:38","guid":{"rendered":"http:\/\/palaszewski.com\/?page_id=45"},"modified":"2024-07-24T11:29:20","modified_gmt":"2024-07-24T09:29:20","slug":"charytatywny-projekt-gory-dla-milosza-pierwsza-strona","status":"publish","type":"page","link":"https:\/\/gorydlamilosza.pl\/","title":{"rendered":"Charytatywny projekt \u201eG\u00f3ry dla Mi\u0142osza\u201d"},"content":{"rendered":"\n<p>Mi\u0142osz od urodzenia zmaga si\u0119 z m\u00f3zgowym pora\u017ceniem dzieci\u0119cym, niedow\u0142adem lewostronnym, s\u0142abowidzeniem i niepe\u0142nosprawno\u015bci\u0105 intelektualn\u0105, pomimo tego zdobywa szczyty g\u00f3rskie! W swoim 10 letnim \u017cyciu przeszed\u0142 setki kilometr\u00f3w, pozna\u0142 wspania\u0142ych ludzi, intensywnie \u0107wiczy\u0142 oraz trenowa\u0142, a tak\u017ce zdobywa\u0142 nowe umiej\u0119tno\u015bci. Nie by\u0142o \u0142atwo, a droga do samodzielno\u015bci Mi\u0142osza jest jeszcze d\u0142uga. Dzisiaj wiemy o tym, \u017ce g\u00f3ry to miejsce w kt\u00f3rym realizuje swoj\u0105 pasj\u0119, marzenia i wyzwania! Przyszed\u0142 czas na podsumowanie, kt\u00f3re mo\u017ce kogo\u015b zainspiruje do wyj\u015bcia w g\u00f3ry, doda odwagi do dzia\u0142ania, a mo\u017ce pozwoli czerpa\u0107 rado\u015b\u0107 i przyjemno\u015b\u0107 z drobiazg\u00f3w?<\/p>\n\n\n\n<p><strong>Poni\u017cej podsumowanie 10 lat w liczbach:<\/strong><\/p>\n\n\n\n<ul class=\"wp-block-list\">\n<li>190 zdobytych szczyt\u00f3w (w sierpniu 2013 r. pierwsze wyj\u015bcie w g\u00f3ry),<\/li>\n\n\n\n<li>5 szlak\u00f3w d\u0142ugodystansowych pokonnaych na w\u0142asnych nogach (min. 100 km): MSB w Polsce, gra\u0144 Tatr Ni\u017cnych na S\u0142owacji, ukrai\u0144skie Karpaty: Marmarosze i Czarnohora, g\u00f3ry Rodnia\u0144skie i Marmarosze w Rumunii, Tour du Mont Blanc: Francja, W\u0142ochy, Szwajcaria<\/li>\n\n\n\n<li>1000 km przechodzonych w g\u00f3rach,<\/li>\n\n\n\n<li>2303 m n.p.m. najwy\u017cszy zdobyty szczyt Pietrosul Rodnei w g\u00f3rach Rodnia\u0144skich oraz 2665 m n.p.m. prze\u0142\u0119cz Fen\u00eatre d&#8217;Arpette w Szwajcarii<\/li>\n\n\n\n<li>10x zdobyta Rysianka i tyle samo B\u0142atnia,<\/li>\n\n\n\n<li>2x sp\u0119dzone urodziny na Wielkiej Raczy,<\/li>\n\n\n\n<li>1 nocne wyj\u015bcie na wsch\u00f3d s\u0142o\u0144ca zim\u0105,<\/li>\n\n\n\n<li>8 odwiedzonych kraj\u00f3w,<\/li>\n\n\n\n<li>3 zdobyte odznaki (odznaka za przej\u015bcie \u201eMa\u0142ego Szlaku Beskidzkiego\u201d oraz 2 odznaki PTTK \u201eSprawny na szlaku\u201d za zdobywanie szczyt\u00f3w g\u00f3rskich pomimo niepe\u0142nosprawno\u015bci),<\/li>\n\n\n\n<li>S\u0142owacja: Tatry Ni\u017cne, Ma\u0142a i Wielka Fatra, G\u00f3ry Stra\u017cowskie, Beskid Kysucki, Czechy: Beskid \u015al\u0105sko-Morawski, Chorwacja: p\u00f3\u0142nocny i po\u0142udniowy Velebit, Ukraina: Marmarosze, Czarnohora, Rumunia: g\u00f3ry Rodnia\u0144skie i Marmarosze, Polska: Beskid \u015al\u0105ski, Beskid \u017bywiecki, Beskid Ma\u0142y, Beskid Makowski, Beskid Wyspowy, Bieszczady, Karkonosze, Gorce, Pieniny, Tatry Wysokie, Tatry Zachodnie, Francja, W\u0142ochy, Szwajcaria \u2013 Alpy: Tour du Mont Blanc.<\/li>\n<\/ul>\n\n\n\n<p>Walka o zdrowie Mi\u0142osza ca\u0142y czas trwa. Aby w przysz\u0142o\u015bci m\u00f3g\u0142 by\u0107 samodzielny, konieczna jest ci\u0105g\u0142a, kosztowna rehabilitacja. Jest ona niezb\u0119dna! Postawienie samodzielnych krok\u00f3w naszego dziecka nie jest r\u00f3wnoznaczne z zako\u0144czeniem terapii. Ona by\u0142a, jest i b\u0119dzie nieroz\u0142\u0105cznym elementem walki o lepsze jutro Mi\u0142osza. Nie poddajemy si\u0119, wci\u0105\u017c idziemy, walczymy i prosimy by\u015bcie&nbsp;<a href=\"https:\/\/zrzutka.pl\/vejwdu\" data-type=\"URL\" data-id=\"https:\/\/zrzutka.pl\/mbb4j4\">wsparli nas w naszej walce o samodzielno\u015b\u0107 naszego syna!<\/a><\/p>\n\n\n\n<p><strong>Nasze realizacje w ramach projektu \u201eG\u00f3ry dla Mi\u0142osza\u201d (w kolejnych latach b\u0119d\u0105 nowe g\u00f3rskie cele):<\/strong><\/p>\n\n\n\n<ul class=\"wp-block-list\">\n<li>G\u00f3ry dla Mi\u0142osza I edycja w 2019&nbsp;\u2013 \u201eNiespe\u0142na siedmioletni&nbsp;<strong>Mi\u0142osz jest najm\u0142odszym zdobywc\u0105 odznaki \u201eMa\u0142y Szlak Beskidzki\u201d<\/strong>&nbsp;ustanowionej przez Polskie Towarzystwo Tatrza\u0144skie. Wraz z rodzicami pokona\u0142 137 km z Rabki do Bielska-Bia\u0142ej w ci\u0105gu siedmiu dni.\u201d<\/li>\n\n\n\n<li>G\u00f3ry dla Mi\u0142osza II edycja w 2020&nbsp;\u2013 \u201eOlbrzymiego wyczynu dokona\u0142 wraz z rodzicami Mi\u0142osz, kt\u00f3ry przeszed\u0142 100 km&nbsp;<strong>grani\u0105 Tatr Ni\u017cnych (S\u0142owacja)&nbsp;<\/strong>w ci\u0105gu sze\u015bciu dni.\u201d<\/li>\n\n\n\n<li>G\u00f3ry dla Mi\u0142osza III edycja w 2021&nbsp;\u2013 \u201eCharytatywne przej\u015bcie w&nbsp;<strong>ukrai\u0144skich Karpatach: Marmarosze i Czarnohora<\/strong>&nbsp;(ok. 100 km) przez Mi\u0142osza Pa\u0142aszewskiego wraz z rodzicami.\u201d<\/li>\n\n\n\n<li>G\u00f3ry dla Mi\u0142osza IV edycja w 2022&nbsp;\u2013 \u201eDziewi\u0119cioletni Mi\u0142osz wraz z rodzicami przeszed\u0142 grani\u0105&nbsp;<strong>g\u00f3ry Rodnia\u0144skie i Marmarosze w Rumunii<\/strong>. Ca\u0142a trasa liczy\u0142a oko\u0142o 100km.\u201d<\/li>\n\n\n\n<li>G\u00f3ry dla Mi\u0142osza V edycja w 2023 \u2013 \u201e10-letni Mi\u0142osz z niepe\u0142nosprawno\u015bci\u0105 ruchow\u0105 i intelektualn\u0105 wraz z Rodzicami w 10 dni pokona\u0142 d\u0142ugodystansowy szlak<strong> Tour du Mont Blanc<\/strong>. Ca\u0142a trasa liczy\u0142a oko\u0142o 170km&#8221;<\/li>\n\n\n\n<li>G\u00f3ry dla Mi\u0142osza VI edycja w 2024 &#8211; <em><strong>&#8222;Mam na imie Milosz. Chodze do szkoly do trzeciej klasy. Bardzo lubie chodzic po gorach . Na szlaku jestem szybki jak blyskawica. Czasami tez mam problemy. Potykam sie i upadam. Tata mowi zeby sprobowac jeszcz raz. Nie lubie byc sam mama i tata sa obok mnie. Ccodzienie cwicze i ucze sie. chce byc samodzielnya ale to takie bardzo trudne. Denerwuje sie ze nie moge duzo rzeczy zrobic sam i potrzebuje pomocy innej osoby.&#8221;<\/strong><\/em> To prawda co napisa\u0142 Mi\u0142osz, jego codzienne funkcjonowanie jest mo\u017cliwe wy\u0142\u0105cznie przy pomocy drugiej osoby, dlatego nadal tak wa\u017cna jest dla niego kontynuacja leczenia, dalsza terapia i rehabilitacja. Z tego powodu og\u0142aszamy kolejn\u0105 edycj\u0119 charytatywnego projektu &#8222;G\u00f3ry dla Mi\u0142osza&#8221;! <strong>Projekt charytatywny &#8222;G\u00f3ry dla Mi\u0142osza&#8221; VI edycja w 2024 b\u0119dzie trwa\u0142 przez ca\u0142y rok!<\/strong> W g\u00f3ry chcemy wraca\u0107 tak cz\u0119sto jak to tylko jest mo\u017cliwe poniewa\u017c w\u0119dr\u00f3wka po g\u00f3rskich szlakach to dla Mi\u0142osza skuteczna terapia, dzi\u0119ki kt\u00f3rej jest w dobrej kondycji. Do\u0142\u0105cz do Mi\u0142osza i dorzu\u0107 swoj\u0105 cegie\u0142k\u0119!&#8221;<\/li>\n<\/ul>\n\n\n\n<p><strong>Zdobyte odznaki:<\/strong><\/p>\n\n\n\n<ul class=\"wp-block-list\">\n<li>2019 \u2013 odznaka \u201eMa\u0142y Szlak Beskidzki\u201d przyznana przez Polskie Towarzystwo Tatrza\u0144skie za pokonanie 137 km z Rabki do Bielska-Bia\u0142ej w ci\u0105gu siedmiu dni<\/li>\n\n\n\n<li>2021 \u2013 br\u0105zowa odznaka turystyczna PTTK \u201eSprawny na szlaku\u201d za zdobywanie szczyt\u00f3w g\u00f3rskich pomimo niepe\u0142nosprawno\u015bci<\/li>\n\n\n\n<li>2022 \u2013 srebrna odznaka turystyczna PTTK \u201eSprawny na szlaku\u201d za zdobywanie szczyt\u00f3w g\u00f3rskich pomimo niepe\u0142nosprawno\u015bci<\/li>\n\n\n\n<li>2023 \u2013 z\u0142ota odznaka turystyczna PTTK \u201eSprawny na szlaku\u201d za zdobywanie szczyt\u00f3w g\u00f3rskich pomimo niepe\u0142nosprawno\u015bci<\/li>\n<\/ul>\n\n\n\n<figure class=\"wp-block-gallery has-nested-images columns-default is-cropped wp-block-gallery-1 is-layout-flex wp-block-gallery-is-layout-flex\">\n<figure class=\"wp-block-image size-large is-style-default\"><img loading=\"lazy\" decoding=\"async\" width=\"1024\" height=\"682\" data-id=\"3018\" src=\"https:\/\/gorydlamilosza.pl\/wp-content\/uploads\/2024\/07\/odznaki-1024x682.jpg\" alt=\"\" class=\"wp-image-3018\" srcset=\"https:\/\/gorydlamilosza.pl\/wp-content\/uploads\/2024\/07\/odznaki-1024x682.jpg 1024w, https:\/\/gorydlamilosza.pl\/wp-content\/uploads\/2024\/07\/odznaki-300x200.jpg 300w, https:\/\/gorydlamilosza.pl\/wp-content\/uploads\/2024\/07\/odznaki-768x512.jpg 768w, https:\/\/gorydlamilosza.pl\/wp-content\/uploads\/2024\/07\/odznaki-1536x1023.jpg 1536w, https:\/\/gorydlamilosza.pl\/wp-content\/uploads\/2024\/07\/odznaki-1140x759.jpg 1140w, https:\/\/gorydlamilosza.pl\/wp-content\/uploads\/2024\/07\/odznaki.jpg 2048w\" sizes=\"auto, (max-width: 1024px) 100vw, 1024px\" \/><\/figure>\n<\/figure>\n\n\n\n<p><a href=\"http:\/\/palaszewski.com\/wp-content\/uploads\/2022\/03\/IMG_20220306_112218-scaled.jpg\"><\/a><\/p>\n","protected":false},"excerpt":{"rendered":"<p>Mi\u0142osz od urodzenia zmaga si\u0119 z m\u00f3zgowym pora\u017ceniem dzieci\u0119cym, niedow\u0142adem lewostronnym, s\u0142abowidzeniem i niepe\u0142nosprawno\u015bci\u0105 intelektualn\u0105, pomimo tego zdobywa szczyty g\u00f3rskie! W swoim 10 letnim \u017cyciu przeszed\u0142 setki kilometr\u00f3w, pozna\u0142 wspania\u0142ych ludzi, intensywnie \u0107wiczy\u0142 oraz trenowa\u0142, a tak\u017ce zdobywa\u0142 nowe umiej\u0119tno\u015bci. Nie by\u0142o \u0142atwo, a droga do samodzielno\u015bci Mi\u0142osza jest jeszcze d\u0142uga. Dzisiaj wiemy o tym, \u017ce g\u00f3ry to miejsce w kt\u00f3rym realizuje swoj\u0105 pasj\u0119, marzenia i wyzwania! Przyszed\u0142 czas na podsumowanie, kt\u00f3re mo\u017ce kogo\u015b zainspiruje do wyj\u015bcia w g\u00f3ry, doda odwagi do dzia\u0142ania, a mo\u017ce pozwoli czerpa\u0107 rado\u015b\u0107 i przyjemno\u015b\u0107 z drobiazg\u00f3w? Poni\u017cej podsumowanie 10 lat w liczbach: Walka o zdrowie Mi\u0142osza ca\u0142y czas trwa. Aby w przysz\u0142o\u015bci m\u00f3g\u0142 by\u0107 samodzielny, konieczna jest ci\u0105g\u0142a, kosztowna rehabilitacja. Jest ona niezb\u0119dna! Postawienie samodzielnych krok\u00f3w naszego dziecka nie jest r\u00f3wnoznaczne z zako\u0144czeniem terapii. Ona by\u0142a, jest i b\u0119dzie nieroz\u0142\u0105cznym elementem walki o lepsze jutro Mi\u0142osza. Nie poddajemy si\u0119, wci\u0105\u017c idziemy, walczymy i prosimy by\u015bcie&nbsp;wsparli nas w naszej walce o samodzielno\u015b\u0107 naszego syna! Nasze realizacje w ramach projektu \u201eG\u00f3ry dla Mi\u0142osza\u201d (w kolejnych latach b\u0119d\u0105 nowe g\u00f3rskie cele): Zdobyte odznaki:<\/p>\n","protected":false},"author":1,"featured_media":0,"parent":0,"menu_order":0,"comment_status":"closed","ping_status":"closed","template":"","meta":{"footnotes":""},"class_list":["post-45","page","type-page","status-publish","hentry"],"_links":{"self":[{"href":"https:\/\/gorydlamilosza.pl\/index.php\/wp-json\/wp\/v2\/pages\/45","targetHints":{"allow":["GET"]}}],"collection":[{"href":"https:\/\/gorydlamilosza.pl\/index.php\/wp-json\/wp\/v2\/pages"}],"about":[{"href":"https:\/\/gorydlamilosza.pl\/index.php\/wp-json\/wp\/v2\/types\/page"}],"author":[{"embeddable":true,"href":"https:\/\/gorydlamilosza.pl\/index.php\/wp-json\/wp\/v2\/users\/1"}],"replies":[{"embeddable":true,"href":"https:\/\/gorydlamilosza.pl\/index.php\/wp-json\/wp\/v2\/comments?post=45"}],"version-history":[{"count":14,"href":"https:\/\/gorydlamilosza.pl\/index.php\/wp-json\/wp\/v2\/pages\/45\/revisions"}],"predecessor-version":[{"id":3019,"href":"https:\/\/gorydlamilosza.pl\/index.php\/wp-json\/wp\/v2\/pages\/45\/revisions\/3019"}],"wp:attachment":[{"href":"https:\/\/gorydlamilosza.pl\/index.php\/wp-json\/wp\/v2\/media?parent=45"}],"curies":[{"name":"wp","href":"https:\/\/api.w.org\/{rel}","templated":true}]}}